{"id":14,"date":"2019-11-06T15:03:01","date_gmt":"2019-11-06T14:03:01","guid":{"rendered":"https:\/\/emsing-consulting.de\/?page_id=14"},"modified":"2025-03-20T18:06:02","modified_gmt":"2025-03-20T17:06:02","slug":"datenschutzerklaerung","status":"publish","type":"page","link":"https:\/\/emsing-consulting.de\/?page_id=14","title":{"rendered":"Datenschutzerkl\u00e4rung"},"content":{"rendered":"\n<h1>Datenschutzerkl\u00e4rung<\/h1>\n\n\n\n<p>Ihr Vertrauen ist uns wichtig. Peter Emsing Consulting nimmt den Schutz Ihrer pers\u00f6nlichen Daten sehr ernst.  Personenbezogene Daten werden nur dann erhoben, verarbeitet oder  genutzt, wenn der Betroffene eingewilligt hat, diese f\u00fcr die Erf\u00fcllung  eines Vertrages erforderlich sind oder ein Gesetz die Erhebung,  Verarbeitung oder Nutzung erlaubt oder vorschreibt. Mit dieser  Datenschutzerkl\u00e4rung m\u00f6chten wir Sie \u00fcber Einzelheiten der Datenerhebung  und Datenverarbeitung sowie \u00fcber die Ihnen in diesem Zusammenhang  zustehenden Rechte informieren.<\/p>\n\n\n\n<p><strong>1. Name und Anschrift des Verantwortlichen<\/strong><\/p>\n\n\n\n<p>Verantwortlicher im Sinne der Datenschutz-Grundverordnung, anderer in\n den Mitgliedstaaten der Europ\u00e4ischen Union geltenden Datenschutzgesetze\n und sonstiger datenschutzrechtlicher Bestimmungen ist die:<\/p>\n\n\n\n<p> Peter Emsing<br>Johannesstr. 4<br>53721 Siegburg<\/p>\n\n\n\n<p>Tel.: 02241-9389696<\/p>\n\n\n\n<p>E-Mail.: <a href=\"mailto:peter.emsing@emsing-finanzservice.de\">peter.emsing@emsing-finanzservice.de<\/a><\/p>\n\n\n\n<p><strong>2. Grunds\u00e4tzliches zur Verarbeitung personenbezogener Daten<\/strong><\/p>\n\n\n\n<p>Personenbezogene Daten sind alle Informationen, die sich auf eine  identifizierte oder identifizierbare nat\u00fcrliche Person (im Folgenden  \u201ebetroffene Person\u201c) beziehen. Als identifizierbar wird eine nat\u00fcrliche  Person angesehen, die direkt oder indirekt, insbesondere mittels Zuordnung zu einer Kennung wie einem Namen, zu einer Kennnummer, zu Standortdaten, zu einer Online-Kennung oder zu einem oder mehreren  besonderen Merkmalen identifiziert werden kann, die Ausdruck der physischen, physiologischen, genetischen, psychischen, wirtschaftlichen, kulturellen oder sozialen Identit\u00e4t dieser nat\u00fcrlichen Person sind. Die Peter Emsing Consulting verarbeitet personenbezogene  Daten grunds\u00e4tzlich nur, wenn der Nutzer hierzu seine Einwilligung  erteilt oder die Datenverarbeitung durch gesetzliche Vorschriften  erlaubt ist. Rechtsgrundlage ist Art. 6 Abs. 1 EU-Datenschutzgrundverordnung (DSGVO). Nach dieser Vorschrift ist eine  Verarbeitung personenbezogener Daten nur zul\u00e4ssig, wenn die betroffene  Person einwilligt (Art. 6 Abs.1 lit. a DSGVO) oder die Verarbeitung zu  einer der folgenden Zwecke erforderlich ist:<\/p>\n\n\n\n<ul><li>Zur Erf\u00fcllung eines Vertrages mit der betroffenen Person oder zur \nDurchf\u00fchrung vorvertraglicher Ma\u00dfnahmen auf Anfrage der betroffenen \nPerson (Art. 6 Abs.1 lit. b DSGVO).<\/li><li>Zur Erf\u00fcllung einer rechtlichen Verbindlichkeit unseres Unternehmens (Art. 6 Abs.1 lit. c DSGVO).<\/li><li>Zum Schutz lebenswichtiger Interessen der betroffenen Person oder einer anderen nat\u00fcrlichen Person(Art. 6 Abs.1 lit. d DSGVO).<\/li><li>Zur Wahrnehmung einer Aufgabe, die im \u00f6ffentlichen Interesse liegt \noder die unserem Unternehmenvon der \u00f6ffentlichen Verwaltung \u00fcbertragen \nwurde (Art. 6 Abs.1 lit. e DSGVO).<\/li><li>Zur Wahrung eines berechtigten Interesses unseres Unternehmens oder \neines Dritten, sofern nicht dieInteressen, Grundrechte und \nGrundfreiheiten der betroffenen Person zum Schutz personenbezogenerDaten\n \u00fcberwiegen (Art. 6 Abs.1 lit. f DSGVO).<\/li><\/ul>\n\n\n\n<p><strong>3. Speicherdauer und Datenl\u00f6schung<\/strong><\/p>\n\n\n\n<p>Die personenbezogenen Daten der betroffenen Person werden gel\u00f6scht \noder gesperrt, sobald der Zweck der Speicherung entf\u00e4llt. Eine \nSpeicherung kann dar\u00fcber hinaus erfolgen, wenn dies durch den \nGesetzgeber vorgesehen wurde. Eine Sperrung oder L\u00f6schung der Daten \nerfolgt auch dann, wenn eine durch die genannten Normen vorgeschriebene \nSpeicherfrist abl\u00e4uft, es sei denn, dass eine Erforderlichkeit zur \nweiteren Speicherung der Daten f\u00fcr einen Vertragsabschluss oder eine \nVertragserf\u00fcllung besteht. Vorgeschriebene Speicherfristen in diesem \nSinne sind z.B. steuerrechtliche oder handelsrechtliche \nAufbewahrungsfristen.<\/p>\n\n\n\n<p><strong>&nbsp;4. Erfassung von Zugriffsdaten (Erstellung von Logfiles)<\/strong><\/p>\n\n\n\n<p>Die Internetseite der Peter Emsing Consulting erfasst  bei jedem Aufruf automatisiert allgemeine Daten und Informationen vom  Computersystem des aufrufenden Rechners, welche in den Logfiles des  Servers gespeichert werden. Erfasst werden hierbei folgende Daten und  Informationen: Browsertyp einschlie\u00dflich verwendeter Version,  verwendetes Betriebssystem des aufrufenden Rechners, Datum und Zeit des  Aufrufs, IP-Adresse des Nutzers, Internet-Service-Provider des Nutzers,  Webseite, von denen unsere Internetseite aufgerufen wird, Webseiten und Unterwebseiten, die von unserer Internetseite aufgerufen werden,  sonstige \u00e4hnliche Daten und Informationen, die der Gefahrenabwehr bei  Angriffen auf unserem System dienen. Die Daten werden anonym in den  Logfiles unseres Systems gespeichert. Dabei erfolgt keine Verkn\u00fcpfung  mit anderen personenbezogenen Daten des Nutzers, die Peter Emsing Consulting zieht keine R\u00fcckschl\u00fcsse auf die  betroffene Person. Rechtsgrundlage f\u00fcr die Datenverarbeitung ist Art. 6  Abs.1 lit. f DSGVO. Die Speicherung ist erforderlich, um die  Funktionsf\u00e4higkeit unserer Internetseite und die korrekte Darstellung  der Inhalte zu gew\u00e4hrleisten. Weiterhin dienen die Daten unserer  Statistik und der st\u00e4ndigen Optimierung unserer Inhalte. Schlie\u00dflich  erfolgt eine Speicherung, um Strafverfolgungsbeh\u00f6rden im Falle eines Cyberangriffes die zur Strafverfolgung notwendigen Informationen zur  Verf\u00fcgung zu stellen. Es erfolgt keine Weitergabe der Daten an Dritte, sofern keine gesetzliche Offenbarungspflicht besteht. Da die Erfassung  und Speicherung der Daten in den Logfiles f\u00fcr einen st\u00f6rungsfreien  Betrieb der Internetseite zwingend erforderlich ist, besteht f\u00fcr den  Nutzer keine Widerspruchsm\u00f6glichkeit. Die Daten werden gel\u00f6scht, sobald  sie f\u00fcr die Erreichung des Zweckes ihrer Erhebung nicht mehr erforderlich sind. Soweit die Erhebung zur funktionsfreien  Bereitstellung der Internetseite erfolgte, ist dies mit Beendigung der  Internetsitzung der Fall.<\/p>\n\n\n\n<p><strong>5. Cookies<\/strong><\/p>\n\n\n\n<p>Wir verwenden auf unserer Internetseite Cookies. Bei Cookies handelt \nes sich um Textdateien, welche von unserem Server auf Ihrem Computer \nabgelegt und so bestimmte Daten gespeichert werden. Cookies enthalten in\n der Regel eine charakteristische Zeichenfolge, welche eine eindeutige \nZuordnung des Internetbrowsers erm\u00f6glicht, wenn der Nutzer die \nInternetseite erneut aufruft. Hierdurch kann der aufrufende Browser \nwiedererkannt und identifiziert werden. Cookies helfen uns, Ihnen die \nNutzung der Internetseite zu erleichtern. Durch die Wiedererkennung des \nBrowsers und die Speicherung fr\u00fcher eingegebener Daten k\u00f6nnen die \nAngebote und Inhalte unserer Internetseite individuell optimiert werden,\n indem von Ihnen eingegebene Daten (z.B. Zugangsdaten, Suchbegriffe) \nnicht bei jedem Besuch der Internetseite erneut eingegeben werden \nm\u00fcssen. Rechtsgrundlage hierf\u00fcr ist Art. 6 Abs.1 lit. f DSGVO. Dar\u00fcber \nhinaus verwenden wir auf unserer Internetseite Cookies, die eine Analyse\n des Surfverhaltens der Nutzer erm\u00f6glichen. Die so erhobenen Daten \nwerden jedoch pseudonymisiert, d.h. die personenbezogenen Daten werden \ndurch andere Kennzeichen (Pseudonyme) ersetzt, so dass ohne Hinzuziehung\n zus\u00e4tzlicher Informationen keine Identifikation der betroffenen Person \nmehr m\u00f6glich ist. Da hierzu bei Aufruf der Internetseite Ihre \nEinwilligung eingeholt wird, ist Rechtsgrundlage f\u00fcr die Verarbeitung \npersonenbezogener Daten mittels Analyse-Cookies Art. 6 Abs.1 lit. a \nDSGVO. Da Cookies auf dem Rechner des Nutzers gespeichert werden, haben \nSie als Nutzer auch die volle Kontrolle \u00fcber die Verwendung von Cookies.\n Durch eine \u00c4nderung der Einstellungen in Ihrem Internetbrowser k\u00f6nnen \nSie die \u00dcbertragung von Cookies deaktivieren oder einschr\u00e4nken. Bereits \ngespeicherte Cookies k\u00f6nnen von Ihnen jederzeit gel\u00f6scht werden. Werden \nCookies f\u00fcr unsere Internetseite deaktiviert, k\u00f6nnen jedoch \nm\u00f6glicherweise nicht mehr alle Funktionen der Website vollumf\u00e4nglich \ngenutzt werden.<\/p>\n\n\n\n<p><strong>6. Kontaktformular und E-Mail-Kontakt<\/strong><\/p>\n\n\n\n<p>Die Internetseite der Peter Emsing Consulting h\u00e4lt ein Kontaktformular bereit, welches f\u00fcr die elektronische Kontaktaufnahme zu  unserem Unternehmen genutzt werden kann. Die vom Nutzer in die  Eingabemaske eingegebenen Daten werden an uns \u00fcbermittelt und  gespeichert. Dar\u00fcber hinaus werden zus\u00e4tzlich die IP-Adresse des Nutzers  sowie Datum und Uhrzeit der \u00dcbermittlung gespeichert. F\u00fcr die  Verarbeitung der Daten wird im Rahmen des Absendevorgangs die  Einwilligung des Nutzers eingeholt. Rechtsgrundlage f\u00fcr die Verarbeitung  ist daher Art. 6 Abs.1 lit. a DSGVO. Soweit es die Speicherung der  IP-Adresse betrifft, ist Rechtsgrundlage zudem auch Art. 6 Abs.1 lit. f  DSGVO. Alternativ ist eine Kontaktaufnahme \u00fcber die auf unserer  Internetseite hierzu genannte E-Mail-Adresse m\u00f6glich. In diesem Fall  werden neben der E-Mail-Adresse diejenigen personenbezogenen Daten  \u00fcbermittelt, die vom Nutzer in der E-Mail aufgef\u00fchrt werden.  Rechtsgrundlage ist insoweit Art. 6 Abs.1 lit. f DSGVO. Die Verarbeitung  der \u00fcber das Kontaktformular oder per E-Mail \u00fcbermittelten Daten dient  ausschlie\u00dflich zur Durchf\u00fchrung der gew\u00fcnschten Kontaktaufnahme. Die Speicherung der sonstigen Daten erfolgt, um eine missbr\u00e4uchliche  Verwendung der Internetseite zu verhindern bzw. aufzudecken und die  Sicherheit unseres Systems sicherzustellen. Es erfolgt keine Weitergabe  der Daten an Dritte, sofern keine gesetzliche Offenbarungspflicht  besteht. Die Daten werden gel\u00f6scht, sobald sie f\u00fcr die Erreichung des  Zweckes ihrer Erhebung nicht mehr erforderlich sind. Soweit es die vom  Nutzer im Kontaktformular bzw. in der E-Mail \u00fcbermittelten Daten  betrifft, ist dies der Fall, wenn die diesbez\u00fcgliche Kommunikation  beendet ist, es sei denn, dem Kommunikationsinhalt kommt auch danach  noch rechtliche Bedeutung zu. Die betroffene Person hat jederzeit die  M\u00f6glichkeit, die Einwilligung in die Datenverarbeitung zu widerrufen  oder der Nutzung der Daten zu widersprechen. In diesem Fall ist die  beabsichtigte Kontaktaufnahme zum Nutzer nicht mehr m\u00f6glich bzw. kann  eine bereits begonnene Kommunikation nicht fortgef\u00fchrt werden.<\/p>\n\n\n\n<p><strong>7. Ihre Rechte als betroffene Person<\/strong><\/p>\n\n\n\n<p>Werden personenbezogene Daten von Ihnen verarbeitet, sind Sie \nbetroffene Person i.S.d. DSGVO und es stehen Ihnen folgende Rechte \ngegen\u00fcber uns als Verantwortlichem zu:<\/p>\n\n\n\n<p><strong>a) Recht auf Best\u00e4tigung und Auskunft<\/strong>. Sie k\u00f6nnen \nvon uns jederzeit eine Best\u00e4tigung verlangen, ob personenbezogene Daten,\n die Sie betreffen, von uns verarbeitet werden. Ist dies der Fall, haben\n Sie einen Auskunftsanspruch, von uns \u00fcber folgende Umst\u00e4nde in Kenntnis\n gesetzt zu werden: die Kategorien von personenbezogenen Daten, welche \nverarbeitet werden; die Empf\u00e4nger bzw. die Kategorien von Empf\u00e4ngern, \ngegen\u00fcber denen die Sie betreffenden personenbezogenen Daten offengelegt\n wurden oder noch offengelegt werden; die geplante Dauer der Speicherung\n der Sie betreffenden personenbezogenen Daten oder, falls konkrete \nAngaben hierzu nicht m\u00f6glich sind, Kriterien f\u00fcr die Festlegung der \nSpeicherdauer; das Bestehen eines Rechts auf Berichtigung oder L\u00f6schung \nder Sie betreffenden personenbezogenen Daten, eines Rechts auf \nEinschr\u00e4nkung der Verarbeitung durch den Verantwortlichen oder eines \nWiderspruchsrechts gegen diese Verarbeitung; das Bestehen eines \nBeschwerderechts bei einer Aufsichtsbeh\u00f6rde; alle verf\u00fcgbaren \nInformationen \u00fcber die Herkunft der Daten, wenn die personenbezogenen \nDaten nicht bei der betroffenen Person erhoben werden; das Bestehen \neiner automatisierten Entscheidungsfindung einschlie\u00dflich Profiling \ngem\u00e4\u00df Art. 22 Abs. 1 und 4 DSGVO und \u2013 zumindest in diesen F\u00e4llen \u2013 \naussagekr\u00e4ftige Informationen \u00fcber die involvierte Logik sowie die \nTragweite und die angestrebten Auswirkungen einer derartigen \nVerarbeitung f\u00fcr die betroffene Person. Dar\u00fcber hinaus steht Ihnen ein \nAuskunftsrecht zu, ob personenbezogene Daten in einen Staat, der nicht \nMitglied der EU ist (sog. Drittland), oder an eine internationale \nOrganisation \u00fcbermittelt werden. In diesem Zusammenhang k\u00f6nnen Sie \nverlangen, \u00fcber die geeigneten Garantien gem. Art. 46 DSGVO im \nZusammenhang mit der \u00dcbermittlung unterrichtet zu werden.<\/p>\n\n\n\n<p><strong>b) Recht auf Berichtigung<\/strong>. Sie haben das Recht, die \nunverz\u00fcgliche Berichtigung bez\u00fcglich Sie betreffender unrichtiger \npersonenbezogener Daten von uns zu verlangen. Ferner steht Ihnen das \nRecht zu, von uns unter Ber\u00fccksichtigung der Zwecke der Verarbeitung, \ndie Vervollst\u00e4ndigung unvollst\u00e4ndiger personenbezogener Daten \u2014 auch \nmittels einer erg\u00e4nzenden Erkl\u00e4rung \u2014 zu verlangen.<\/p>\n\n\n\n<p><strong>c) Recht auf L\u00f6schung<\/strong> (Recht auf Vergessen werden).  Sie k\u00f6nnen von uns verlangen, dass die Sie betreffenden  personenbezogenen Daten unverz\u00fcglich gel\u00f6scht werden, wenn einer der  folgenden Gr\u00fcnde vorliegt: Die Sie betreffenden personenbezogenen Daten  sind f\u00fcr die Zwecke, f\u00fcr die sie erhoben oder auf sonstige Weise  verarbeitet wurden, nicht mehr notwendig. Sie widerrufen Ihre  Einwilligung, auf die sich die Verarbeitung gem. Art. 6 Abs. 1 lit. a  oder Art. 9 Abs. 2 lit. a DSGVO st\u00fctzte, und es fehlt an einer  anderweitigen Rechtsgrundlage f\u00fcr die Verarbeitung. Sie legen gem. Art.  21 Abs. 1 DSGVO Widerspruch gegen die Verarbeitung ein und es liegen  keine vorrangigen berechtigten Gr\u00fcnde f\u00fcr die Verarbeitung vor, oder Sie  legen gem. Art. 21 Abs. 2 DSGVO Widerspruch gegen die Verarbeitung ein.  Die Sie betreffenden personenbezogenen Daten wurden unrechtm\u00e4\u00dfig  verarbeitet. Die L\u00f6schung der Sie betreffenden personenbezogenen Daten  ist zur Erf\u00fcllung einer rechtlichen Verpflichtung nach dem Unionsrecht  oder dem Recht der Mitgliedstaaten erforderlich, dem der Verantwortliche  unterliegt. Die Sie betreffenden personenbezogenen Daten wurden in  Bezug auf angebotene Dienste der Informationsgesellschaft gem\u00e4\u00df Art. 8  Abs. 1 DSGVO erhoben. Wurden die betreffenden personenbezogenen Daten  von der Peter Emsing Consulting \u00f6ffentlich gemacht und  sind wir nach obenstehenden Grunds\u00e4tzen zur L\u00f6schung der  personenbezogenen Daten verpflichtet, so trifft uns ebenfalls die  Pflicht andere f\u00fcr die Datenverarbeitung Verantwortliche dar\u00fcber in  Kenntnis zu setzen, dass Sie als betroffene Person die L\u00f6schung  s\u00e4mtlicher Links zu diesen personenbezogenen Daten oder von Kopien oder  Replikationen dieser personenbezogenen Daten verlangt haben. Wir  ergreifen diesbez\u00fcglich, unter Ber\u00fccksichtigung der verf\u00fcgbaren  Technologie und der Implementierungskosten angemessene Ma\u00dfnahmen, auch  technischer Art, um diesen Pflichten nachzukommen, jedenfalls soweit die  Verarbeitung nicht weiterhin erforderlich ist, also gesetzliche  Vorgaben dies vorschreiben oder berechtigte Interessen der L\u00f6schung  entgegenstehen.<\/p>\n\n\n\n<p><strong>d) Recht auf Einschr\u00e4nkung der Verarbeitung<\/strong>. Sie \nk\u00f6nnen unter den folgenden Voraussetzungen von uns die Einschr\u00e4nkung der\n Verarbeitung der Sie betreffenden personenbezogenen Daten verlangen:<\/p>\n\n\n\n<p>Die Richtigkeit der personenbezogenen Daten wird Ihnen bestritten, \nund zwar f\u00fcr eine Dauer, die es dem Verantwortlichen erm\u00f6glicht, die \nRichtigkeit der personenbezogenen Daten zu \u00fcberpr\u00fcfen.<\/p>\n\n\n\n<p>Die Verarbeitung ist unrechtm\u00e4\u00dfig und Sie verlangen anstatt einer  L\u00f6schung die Einschr\u00e4nkung der Nutzung der personenbezogenen Daten. Die  personenbezogenen Daten werden von uns nicht l\u00e4nger f\u00fcr die Zwecke der  Verarbeitung ben\u00f6tigt, jedoch ben\u00f6tigen Sie diese Daten zur  Geltendmachung, Aus\u00fcbung oder Verteidigung von Rechtsanspr\u00fcchen. Sie  haben Widerspruch gegen die Verarbeitung gem. Art. 21 Abs. 1 DSGVO  eingelegt und es steht noch nicht fest, ob die berechtigten Gr\u00fcnde der  Peter Emsing Consulting gegen\u00fcber Ihren Gr\u00fcnden  \u00fcberwiegen. Wurde die Verarbeitung der Sie betreffenden  personenbezogenen Daten eingeschr\u00e4nkt, d\u00fcrfen diese Daten \u2013 von ihrer  Speicherung abgesehen \u2013 nur mit Ihrer Einwilligung oder zur  Geltendmachung, Aus\u00fcbung oder Verteidigung von Rechtsanspr\u00fcchen oder zum  Schutz der Rechte einer anderen nat\u00fcrlichen oder juristischen Person  oder aus Gr\u00fcnden eines wichtigen \u00f6ffentlichen Interesses der Union oder  eines Mitgliedstaats verarbeitet werden. In diesem Fall werden Sie zudem  von uns unterrichtet, bevor die Einschr\u00e4nkung aufgehoben werden.<\/p>\n\n\n\n<p><strong>e) Recht auf Unterrichtung<\/strong>. Haben Sie das Recht auf \nBerichtigung, L\u00f6schung oder Einschr\u00e4nkung der Verarbeitung geltend \ngemacht, sind wir verpflichtet, allen Empf\u00e4ngern, denen die Sie \nbetreffenden personenbezogenen Daten offengelegt wurden, diese \nBerichtigung oder L\u00f6schung der Daten oder Einschr\u00e4nkung der Verarbeitung\n mitzuteilen, es sei denn, dies erweist sich als unm\u00f6glich oder ist mit \neinem unverh\u00e4ltnism\u00e4\u00dfigen Aufwand verbunden. Insoweit k\u00f6nnen Sie von uns\n verlangen, \u00fcber diese Empf\u00e4nger unterrichtet zu werden.<\/p>\n\n\n\n<p><strong>f) Recht auf Daten\u00fcbertragbarkeit<\/strong> \n(\u201eDatenportabilit\u00e4t\u201c). Sie haben das Recht, die Sie betreffenden \npersonenbezogenen Daten, welche Sie uns zur Verf\u00fcgung gestellt haben, in\n einem strukturierten, g\u00e4ngigen und maschinenlesbaren Format zu \nerhalten. Des Weiteren haben Sie das Recht, diese Daten einem anderen \nVerantwortlichen ohne Behinderung durch den Verantwortlichen, dem<\/p>\n\n\n\n<p>die personenbezogenen Daten bereitgestellt wurden, zu \u00fcbermitteln, \nsofern die Verarbeitung auf der Einwilligung gem\u00e4\u00df Art. 6 Abs. 1 \nBuchstabe a DSGVO oder Art. 9 Abs. 2 Buchstabe a DSGVO oder auf einem \nVertrag gem\u00e4\u00df Art. 6 Abs. 1 Buchstabe b DSGVO beruht und die \nVerarbeitung mithilfe automatisierter Verfahren erfolgt, sofern die \nVerarbeitung nicht f\u00fcr die Wahrnehmung einer Aufgabe erforderlich ist, \ndie im \u00f6ffentlichen Interesse liegt oder in Aus\u00fcbung \u00f6ffentlicher Gewalt\n erfolgt, welche dem Verantwortlichen \u00fcbertragen wurde. Ferner k\u00f6nnen \nSie bei der Aus\u00fcbung Ihres Rechts auf Daten\u00fcbertragbarkeit gem\u00e4\u00df Art. 20\n Abs. 1 DSGVO verlangen, dass die personenbezogenen Daten direkt von \neinem Verantwortlichen an einen anderen Verantwortlichen \u00fcbermittelt \nwerden, soweit dies technisch machbar ist und sofern hierdurch keine die\n Rechte und Freiheiten anderer Personen beeintr\u00e4chtigt werden.<\/p>\n\n\n\n<p><strong>g) Widerspruchsrecht<\/strong>. Sie haben das Recht, aus  Gr\u00fcnden, die sich aus Ihrer besonderen Situation ergeben, von uns  jederzeit gegen die Verarbeitung Sie betreffender personenbezogener  Daten, die aufgrund von Art. 6 Abs. 1 Buchstaben e oder f DSGVO erfolgt,  Widerspruch einzulegen. Dies gilt auch f\u00fcr ein auf diese Bestimmungen  gest\u00fctztes Profiling. Die Peter Emsing Consulting verarbeitet die personenbezogenen Daten im Falle des Widerspruchs nicht  mehr, es sei denn, wir k\u00f6nnen zwingende schutzw\u00fcrdige Gr\u00fcnde f\u00fcr die  Verarbeitung nachweisen, die den Interessen, Rechten und Freiheiten der  betroffenen Person \u00fcberwiegen, oder die Verarbeitung dient der  Geltendmachung, Aus\u00fcbung oder Verteidigung von Rechtsanspr\u00fcchen. Werden  die Sie betreffenden personenbezogenen Daten verarbeitet, um  Direktwerbung zu betreiben, haben Sie das Recht, jederzeit Widerspruch  gegen die Verarbeitung der Sie betreffenden personenbezogenen Daten zum  Zwecke derartiger Werbung einzulegen; dies gilt auch f\u00fcr das Profiling,  soweit es mit solcher Direktwerbung in Verbindung steht. Widersprechen  Sie der Verarbeitung f\u00fcr Zwecke der Direktwerbung, so werden die Sie  betreffenden personenbezogenen Daten nicht mehr f\u00fcr diese Zwecke  verarbeitet. Sie haben die M\u00f6glichkeit, im Zusammenhang mit der Nutzung  von Diensten der Informationsgesellschaft \u2013 ungeachtet der Richtlinie  2002\/58\/EG \u2013 Ihr Widerspruchsrecht mittels automatisierter Verfahren  auszu\u00fcben, bei denen technische Spezifikationen verwendet werden.<\/p>\n\n\n\n<p><strong>h) Recht auf Widerruf einer datenschutzrechtlichen Einwilligung<\/strong>. Sofern Sie eine datenschutzrechtliche Einwilligung erteilt haben, steht Ihnen das Recht zu, diese Einwilligung<\/p>\n\n\n\n<p>jederzeit mit Wirkung f\u00fcr die Zukunft zu widerrufen.<\/p>\n\n\n\n<p><strong>i) Automatisierte Entscheidungen im Einzelfall einschlie\u00dflich Profiling<\/strong>.  Sie haben das Recht, nicht einer ausschlie\u00dflich auf einer  automatisierten Verarbeitung \u2014 einschlie\u00dflich Profiling \u2014 beruhenden  Entscheidung unterworfen zu werden, die ihr gegen\u00fcber rechtliche Wirkung  entfaltet oder sie in \u00e4hnlicher Weise erheblich beeintr\u00e4chtigt, sofern  die Entscheidung nicht f\u00fcr den Abschluss oder die Erf\u00fcllung eines  Vertrags zwischen Ihnen und der Peter Emsing Consulting erforderlich ist oder aufgrund von Rechtsvorschriften der Union oder der  Mitgliedsstaaten, denen der Verantwortliche unterliegt, zul\u00e4ssig ist  und diese Rechtsvorschriften&nbsp; angemessene Ma\u00dfnahmen zur Wahrung der  Rechte und Freiheiten sowie der berechtigten Interessen der betroffenen  Person enthalten oder mit ausdr\u00fccklicher Einwilligung der betroffenen  Person erfolgt. Allerdings d\u00fcrfen diese Entscheidungen nicht auf  besonderen Kategorien personenbezogener Daten nach Art. 9 Abs. 1 DSGVO  beruhen, sofern nicht Art. 9 Abs. 2 lit. a oder g DSGVO gilt und  angemessene Ma\u00dfnahmen zum Schutz der Rechte und Freiheiten sowie Ihrer  berechtigten Interessen getroffen wurden. Ist die Entscheidung f\u00fcr den  Abschluss oder die Erf\u00fcllung eines Vertrags zwischen der betroffenen  Person und dem Verantwortlichen erforderlich oder erfolgt sie mit  ausdr\u00fccklicher Einwilligung der betroffenen Person, trifft die Peter Emsing Consulting angemessene Ma\u00dfnahmen, um die Rechte und  Freiheiten sowie die berechtigten Interessen der betroffenen Person zu  wahren, wozu mindestens das Recht auf Erwirkung des Eingreifens einer  Person seitens des Verantwortlichen, auf Darlegung des eigenen  Standpunkts und auf Anfechtung der Entscheidung geh\u00f6rt.<\/p>\n\n\n\n<p><strong>j) Recht auf Beschwerde bei der Aufsichtsbeh\u00f6rde<\/strong>.  Ungeachtet der gegen\u00fcber uns bestehenden Rechte, steht Ihnen auch das  Recht auf Beschwerde bei einer Aufsichtsbeh\u00f6rde, insbesondere in dem  Mitgliedsstaat Ihres Aufenthaltsorts, Ihres Arbeitsplatzes oder des Orts  des mutma\u00dflichen Versto\u00dfes, zu, wenn Sie der Ansicht sind, dass die  Verarbeitung der Sie betreffenden personenbezogenen Daten gegen die  DSGVO verst\u00f6\u00dft. Die Aufsichtsbeh\u00f6rde, bei der die Beschwerde eingereicht  wurde, unterrichtet Sie \u00fcber den Stand und die Ergebnisse der  Beschwerde einschlie\u00dflich der M\u00f6glichkeit eines gerichtlichen  Rechtsbehelfs nach Art. 78 DSGVO.<\/p>\n","protected":false},"excerpt":{"rendered":"<p>Datenschutzerkl\u00e4rung Ihr Vertrauen ist uns wichtig. Peter Emsing Consulting nimmt den Schutz Ihrer pers\u00f6nlichen Daten sehr ernst. Personenbezogene Daten werden nur dann [&hellip;]<\/p>\n","protected":false},"author":1,"featured_media":0,"parent":0,"menu_order":0,"comment_status":"closed","ping_status":"closed","template":"page-templates\/page_fullwidth.php","meta":[],"_links":{"self":[{"href":"https:\/\/emsing-consulting.de\/index.php?rest_route=\/wp\/v2\/pages\/14"}],"collection":[{"href":"https:\/\/emsing-consulting.de\/index.php?rest_route=\/wp\/v2\/pages"}],"about":[{"href":"https:\/\/emsing-consulting.de\/index.php?rest_route=\/wp\/v2\/types\/page"}],"author":[{"embeddable":true,"href":"https:\/\/emsing-consulting.de\/index.php?rest_route=\/wp\/v2\/users\/1"}],"replies":[{"embeddable":true,"href":"https:\/\/emsing-consulting.de\/index.php?rest_route=%2Fwp%2Fv2%2Fcomments&post=14"}],"version-history":[{"count":7,"href":"https:\/\/emsing-consulting.de\/index.php?rest_route=\/wp\/v2\/pages\/14\/revisions"}],"predecessor-version":[{"id":92,"href":"https:\/\/emsing-consulting.de\/index.php?rest_route=\/wp\/v2\/pages\/14\/revisions\/92"}],"wp:attachment":[{"href":"https:\/\/emsing-consulting.de\/index.php?rest_route=%2Fwp%2Fv2%2Fmedia&parent=14"}],"curies":[{"name":"wp","href":"https:\/\/api.w.org\/{rel}","templated":true}]}}